et b be u(q). What is the highest common divisor of b and 99?
9
Suppose 330 = -2*l - 3*l. Suppose -4*f - 4*b - 98 = -6, 3*b + 21 = -f. Let i = f - l. What is the highest common divisor of 378 and i?
42
Let h(k) = -k**3 + 10*k**2 - 3*k + 56. Let i be h(9). What is the greatest common factor of 100 and i?
10
Let b be (309/6 + 4/8)*-2. Let q = 123 + b. Calculate the greatest common factor of q and 304.
19
Let u(d) = -14*d + 18. Let c be u(-4). Suppose 3*q + c - 506 = 4*j, -5*q - 3*j = -749. Calculate the greatest common factor of 185 and q.
37
Suppose l - 3*y = 4266, 3*l = 25*y - 31*y + 12723. What is the highest common divisor of 39 and l?
39
Let g = -27 + 43. Suppose 17 + 3 = -4*u. Let t be (-359)/u + (-62)/(-310). What is the greatest common factor of t and g?
8
Suppose y + 5*t = 323, -3*y + 5*t + 596 = -333. Suppose y = 19*o - 219. Let a be (5 + -2)/(3/7). Calculate the greatest common factor of o and a.
7
Let n = 825 - 494. Let m = n + -298. What is the highest common factor of 627 and m?
33
Suppose 13*t - 24*t = -110. Let w be 2/9 - (-11604)/27. Calculate the greatest common divisor of w and t.
10
Let p(d) = 8*d**2 - 173*d - 1258. Let i be p(83). Calculate the greatest common factor of i and 15.
15
Let m = -34 - -32. Let o be -26 - (4 - (-2 - m)). Let c = 34 + o. What is the greatest common factor of c and 40?
4
Let v(g) = 3*g + 6. Let p be v(5). Suppose -2*t - 2*l + 38 = 0, t - 219*l - 59 = -224*l. What is the greatest common divisor of p and t?
3
Let l(i) = 259*i + 16. Let o be l(8). Suppose 0 = 15*g - 17*g + o. Suppose 2*k = 6*k - g. What is the highest common divisor of k and 29?
29
Let k = -23 + 29. Suppose m - 13 = -2*r + 17, 2*r = 5*m + k. Suppose r*g = 16*g - 24. What is the greatest common factor of 56 and g?
8
Let l(d) = -2*d**3 - 7*d**2 + 2*d - 2. Let a be l(-5). Let z be 397 + 65 + -27 + 6. Calculate the highest common divisor of a and z.
63
Suppose 4*q = 2*i + 1070, 5*q + 184*i - 1336 = 187*i. Calculate the highest common factor of q and 1345.
269
Let m = -74 - -130. Suppose -2*j - 31 = -l - j, -l + m = 4*j. Calculate the greatest common divisor of l and 180.
36
Let t = -71 - -76. Suppose -t*z = -68 + 8. Suppose z*m - 10*m + 50 = c, 0 = -5*c - 5*m + 265. Calculate the greatest common divisor of 13 and c.
13
Let p be 1*3 - (-89 - 2). Let u = -14832 - -14879. What is the greatest common factor of p and u?
47
Suppose -4*o = 4*s - 60 + 20, s = -3*o + 20. Let t be 30*(0 - 0 - -4)/(-6). Let l be (-48)/(t/s) + 2. What is the highest common divisor of l and 49?
7
Suppose 3*k - 752 = g, -2*g + 0*g = -8. Suppose -i + 57 = l - 4*i, 0 = -10*l - 5*i + 745. Calculate the highest common divisor of k and l.
36
Let b be 2*4/(-8)*-5. Suppose -b*r = 0, -4*l + 97 + 63 = 4*r. Suppose -80*v - 15 = -77*v, -4*o - 2*v + 54 = 0. What is the greatest common divisor of o and l?
8
Let a(l) = l**2 + 55*l - 312. Let p be a(-61). Calculate the highest common divisor of p and 2.
2
Suppose 13*b = 4*b - 3519. Let t = -207 - b. What is the highest common factor of t and 23?
23
Let h be -1 - ((-5704)/6)/2*(-204)/(-136). Calculate the greatest common divisor of 8 and h.
8
Let a be (13 + -10)/(4/92). Suppose -99 - a = -8*m. Let s = 57 - 36. Calculate the highest common factor of m and s.
21
Let n be (-56)/(-3) + 30/(-45). Let j = -12 + n. Let f be 32/3*9/j. Calculate the greatest common factor of 112 and f.
16
Let c(p) = p**3 + 76*p**2 + 29*p - 2945. Let w be c(-75). What is the highest common factor of w and 2727?
101
Let o be 11*12/(-9) + 7/(-21). Let w be (o/(15/(-3)))/(24/512). What is the greatest common factor of w and 1?
1
Let w be 4/(-18) + 758/9. Suppose 4*f = 3*d - 0*d - 182, -311 = -5*d - f. Let t = 74 - d. Calculate the highest common factor of t and w.
12
Let c be 6/4*(12/4 + -5). Let v be (-43)/(-1) - (-1 - 6/c). Suppose 4*s + 2*w - 210 = 7*w, -s = 4*w - v. Calculate the highest common divisor of 30 and s.
10
Let i(x) = 3 - 1 + 4 - 7 + 2*x. Let g be i(1). Suppose -36 = -5*y + 3*z - 2, -g = -2*y - 3*z. Calculate the greatest common factor of y and 5.
5
Suppose 40*a - 39*a - 39 = 0. Suppose 9*y = 6*y + a. Suppose y + 1 = 2*h. What is the highest common factor of 77 and h?
7
Suppose 6*s + 6 = 8*s. Let r(y) = 3*y + 3*y - 2 - 2*y - s*y. Let z be r(20). Calculate the highest common factor of 18 and z.
18
Suppose 19*q + 1059 = 10236. What is the highest common divisor of 147 and q?
21
Suppose 0*z = -4*z + 4. Let d(f) = f**2 - 37*f + 7. Let s be d(37). Calculate the highest common divisor of s and z.
1
Suppose -12180 = -3*x + 4*c - 3*c, 3*c - 8120 = -2*x. Calculate the greatest common divisor of 280 and x.
140
Let q(c) = -5*c**2 + 1. Let s be q(1). Let n be (-418)/(-99) + s/18. Suppose -40 = -n*b + 20. Calculate the greatest common factor of 6 and b.
3
Let k(m) be the second derivative of -1/10*m**5 + 25/12*m**4 - 5/3*m**3 - 24*m + 0 - 4*m**2. Let s be k(12). Calculate the greatest common factor of 1 and s.
1
Let b = 2706 + -2577. Calculate the greatest common divisor of 731 and b.
43
Suppose 0 = 4*p - 7 + 31. Let z be (357/14 + 6)/(p/(-40)). Calculate the highest common divisor of z and 30.
30
Suppose 85*s - 632270 = 46756 - 144801. What is the highest common factor of s and 15?
15
Let y = 687 - 617. Let s(p) = -3*p**2 + 11*p - 4. Let h be s(5). Let l = 38 + h. Calculate the highest common divisor of l and y.
14
Let n be 2/5 + (8 - (-1134)/(-35)). Let g be (n/8 + (-26)/(-4))*2. What is the highest common factor of g and 189?
7
Let m = 325 - 323. Suppose -2*t - m = -26. Calculate the greatest common divisor of t and 18.
6
Suppose 14*n - 7230 = 5*n + 3633. Calculate the greatest common factor of 153 and n.
17
Let c = 35 + -23. Suppose -5*p + 93 = -4*u + 6*u, 3*u = c. What is the greatest common divisor of 187 and p?
17
Let v = -8 - -21. Let k be ((-178)/801 - (-87)/27)*(13 - 0). Calculate the highest common divisor of v and k.
13
Let v be (-469)/(-4) + 2/(-8). Suppose 414*r - 1118 = 371*r. Calculate the greatest common divisor of r and v.
13
Let i be ((-2952)/(-574))/(6/28). What is the greatest common divisor of i and 876?
12
Let b(h) = h**3 - 4*h**2 - 7*h + 6. Let v be (7 + -17)/((-4)/2) - -1. Let q be b(v). Calculate the greatest common factor of 48 and q.
12
Let r(z) = -340*z - 10870. Let p be r(-34). Let u be (-2)/4 + (-183)/(-6). Calculate the greatest common factor of p and u.
30
Let o = -6182 - -6195. Let g = -220 - -311. What is the greatest common divisor of o and g?
13
Let t = 12683 - 12410. Calculate the highest common divisor of 1344 and t.
21
Let d(p) = 13*p**2 + p. Let w be d(-5). Suppose -14*v = -1246 + 406. Calculate the highest common divisor of w and v.
20
Suppose 0*a + 3*a = 5*b + 39, -a + 21 = b. Let f = 1466 + -980. What is the highest common divisor of a and f?
18
Let o be 165/(5 + 352/(-77)). Calculate the greatest common factor of 154 and o.
77
Let k(s) = -64*s + 19. Let w be k(-3). Let h = 297 - w. Calculate the greatest common divisor of 43 and h.
43
Suppose -5*p = 25, 5*c - 5*p - 2280 = -385. Calculate the highest common divisor of 13651 and c.
187
Suppose -2*m + 33 = -3*d, -d + 59 = 2*m + 2*m. Let x be 2/(-3) - (-7690)/m. Calculate the highest common divisor of 32 and x.
32
Suppose 0 = 249*q - 17968 - 38532 - 38120. Calculate the highest common factor of q and 100.
20
Suppose -73*w - 2100 = 81*w - 189*w. Suppose 8*p - 168 = p. Calculate the highest common divisor of p and w.
12
Let f be ((-498)/(-830))/((-9)/(-480)). Calculate the greatest common factor of f and 2528.
32
Let r be (-27 + (-2 - -7))*(-5)/10. Suppose -16 = -l - 4*a + r, 5*a - 25 = 0. Calculate the greatest common factor of l and 63.
7
Let y = -3269 + 3643. Let d be (132/8)/((-3)/(-4)). What is the highest common divisor of d and y?
22
Suppose 112*s = 116*s - 5*p - 5921, 5*p = -3*s + 4432. Calculate the highest common factor of 221 and s.
17
Let o = 62 + -80. Let a(m) = -7*m - 38. Let u be a(o). What is the highest common divisor of u and 110?
22
Let d(q) = 6*q**2 + 116*q + 1592. Let g be d(-28). Calculate the highest common divisor of 60 and g.
12
Let v(f) = 84*f - 2340. Let n be v(36). Calculate the greatest common factor of n and 1692.
36
Suppose -3*q + 4*o + 0*o = -148, 2*q + 4*o - 72 = 0. Suppose 247*y - 223*y - 120 = 0. Suppose -x - q = -y*x. Calculate the hi